ppose -2*c = 2, -c = 3*b - 586 - 1849. Suppose -8*i = b + 780. Let j = i + 596. Is j prime?
True
Suppose -127*h + 23375 = -138*h. Let v = h + 8172. Is v composite?
False
Let i(u) = u**3 + 6*u**2 + 5*u + 2. Let h be i(-5). Suppose 4*w + o - 33 - 14 = 0, 5*w - h*o - 62 = 0. Suppose 1388 = -8*s + w*s. Is s composite?
False
Suppose -4*d = 2*c + 2*c, 2*d - 9 = -5*c. Suppose 5*k + 4236 = 3*l - 3107, l = -c*k + 2429. Is l a composite number?
False
Let b be 414*(3 + (-105)/(-9)). Let s be ((-1)/3)/((-8)/b). Suppose 15*w + s = 16*w. Is w prime?
False
Let y be -2*2950/40*(-284)/10. Let n = -2225 + y. Suppose b = 5*b - n. Is b composite?
False
Let b be ((-6)/8)/((-15)/40). Let d(v) = 1611*v**2 - 4*v + 13. Is d(b) prime?
True
Suppose 0 = 31*h - 7*h. Suppose h = q + 16*r - 11*r - 872, q - 873 = -4*r. Is q a prime number?
True
Suppose 4 = -13*q + 30. Suppose -5*s - 5*c = -25 + 5, -2*c + 8 = -q*s. Suppose -3*b - 6 = 0, s = 3*y - 8*y - 3*b + 2039. Is y composite?
False
Suppose 6977*j - 18035664 = 6929*j. Is j a prime number?
True
Let h(z) = 1929*z - 106. Suppose 18*v - 84 = 6*v. Is h(v) a prime number?
True
Suppose -13*w = 1 - 105. Suppose -w*f + 33397 = -82771. Is f a prime number?
False
Is (-15 - (-741417)/21)/((-4)/(-28)*2) prime?
True
Let h(m) = -212 - 10*m - 120 - 11*m + 51*m + 55. Is h(24) composite?
False
Suppose 4*c = 6*f - f + 394911, 3*c = -5*f + 296192. Is c prime?
True
Let y(p) = 33 - 23 + 843*p - 9. Let i be y(-2). Is (-2)/((-5045)/i + -3) a prime number?
True
Let i(j) = -2*j**3 + j**2 + 6*j + 196799. Is i(0) prime?
True
Let p = 304070 - 89659. Is p prime?
False
Suppose -84*i + 83*i + 8 = 0. Let l(h) = 3*h - 1. Let n be l(1). Is (n/i)/((-2)/(-712)) prime?
True
Let f(b) = -3779*b - 3725. Is f(-32) a composite number?
False
Let g(q) = q**3 + 7*q**2 + 7*q + 3. Let x be g(-5). Is 0 - 6/(-36) - (-71943)/x composite?
True
Suppose 45996 = 19*n - 17*n. Suppose -19*r = -25*r + n. Is r a composite number?
False
Suppose -u + 3*q - 3 = 4*u, -q + 1 = -5*u. Suppose u = i - j - 8029, i - 6*i + 40177 = 3*j. Is i a composite number?
True
Let r(o) = 26 + 0 + 9*o + 6 - 6*o. Let l be r(-10). Suppose x - 3*m - 1666 = -6*m, -l*x - 5*m + 3329 = 0. Is x a prime number?
True
Suppose -195 + 1097 = n. Let k = 1203 + n. Is k a composite number?
True
Is 111*(-7496)/(-3) - (-2 + 9) composite?
True
Suppose -3*d + 5*d - 3*o = -77, -o = -3*d - 126. Let x = 48 + d. Suppose 1 + 3 = v, -2*i = x*v - 70. Is i a prime number?
False
Let h = -255652 - -543321. Is h prime?
True
Let q be 1/3*(15 - 0). Suppose q*a + 31 = -69. Is (3 - 98/8)*a a prime number?
False
Suppose 181*v - 444050 = 2855399. Is v prime?
True
Let c = -382254 + 547257. Is c prime?
False
Let g(x) = 36*x - 7. Suppose v = f - 1, f + 29 = -5*v - 2*f. Let u be g(v). Let b = u - -597. Is b a composite number?
True
Let n(c) = -2253*c + 563. Is n(-26) a prime number?
True
Suppose 192048 = 2*w + 22*w. Is w a composite number?
True
Let r be (42/18 - -1)*(-4 - -1). Let v = 12 + r. Suppose v*d = 0, 2*m = -4*d - 4 + 32. Is m prime?
False
Suppose -t - 1 = 0, 3540 + 15800 = -5*o - 5*t. Let f be 4/((-60)/(-3)) - o/15. Suppose -7*c + 365 = -f. Is c prime?
True
Let p be (3 - 3) + (3 - (-1 - -1)). Let m be 3/2*3730/p. Suppose -7*g = -m - 1502. Is g prime?
False
Suppose 0 = -5*i - l + 67611, 18214 + 22375 = 3*i - 5*l. Is i composite?
False
Let v be ((-113820)/168)/(1/2). Suppose -l + 3*w + 2353 = -146, -3*w = -3*l + 7527. Let p = v + l. Is p prime?
False
Let w = 0 + 61. Suppose -w*t = -55*t - 7122. Is t composite?
False
Let q = -103 - -329. Suppose 5*f + q = -14. Let v = 671 - f. Is v a composite number?
False
Let x = -83880 + 325963. Is x a composite number?
False
Let u(c) = -8*c**2 + 126*c - 131. Let s(y) = -4*y**2 + 63*y - 66. Let k(g) = -7*s(g) + 3*u(g). Is k(28) a prime number?
False
Let u = -227 - 17. Let g = 2109 + u. Is g a prime number?
False
Let f(s) = s**2 + 4*s - 50. Let d be f(-9). Is (0 - d - 2710)*-1 a composite number?
True
Suppose -5*s + 57 = 227. Let z = 44 + s. Is z/20 - 2721/(-2) a composite number?
False
Suppose 0 = -2*x - 2*x + 4*y + 1082480, -5*x + 1353091 = 4*y. Is x a composite number?
False
Suppose 339 = -13*k + 1314. Is (k/50)/((-1)/(-6646)) a prime number?
False
Let t(b) = 63*b**2 - 678 + 14*b + 681 - 2*b + b. Is t(7) a composite number?
False
Is 702006/1 - (2/(-6) - (-88)/(-132)) a prime number?
True
Suppose 2*h + 5*o - 164275 = 5950, 4*o = -2*h + 170222. Suppose -5*i = n - h, -i + n = -12789 - 4232. Is i composite?
False
Let k(o) = 43906*o**2 + 22*o - 1. Is k(2) prime?
False
Is (-5)/((-20)/98403) - 10/(-40) prime?
False
Let y(o) = -4453*o + 423. Is y(-10) composite?
False
Let y(d) = d**3 - 13*d**2 - 38*d - 6. Let v be y(16). Is v/(-35)*2085/(-6) a prime number?
False
Suppose -4*c + 68*y - 65*y = -1442984, 4*c - 8*y - 1442964 = 0. Is c composite?
False
Suppose 3*j = 9, 5*r - 4*j - 6462752 - 92381 = 0. Is r prime?
True
Is ((-6445100)/10 - (0 - -5))/(-10 + 9) a composite number?
True
Let o(h) = 9*h + 24. Let p be 2/(-1) - (-4)/8*-14. Let v be o(p). Let c = 280 - v. Is c composite?
False
Suppose d = 2*v + 25282, -3*v - 101153 = 3*d - 7*d. Is 10/4*d/10 prime?
True
Let s = -579 + 820. Let r be -1 + (-5)/(-4) + 90/24. Suppose -y = -4*o + 473, -s = -2*o + 3*y - r*y. Is o a prime number?
False
Let u(p) be the first derivative of -86*p**2 + 51*p + 25. Let i be u(12). Is i/(-3) - (-4)/(-1) a composite number?
True
Let c = 163377 - -220894. Is c a composite number?
True
Let v = -758 - -762. Suppose 3*t = v*j - 167202, -j - 4*j = t - 208993. Is j a composite number?
True
Let g(m) = -m**2 + 9*m - 16. Let l be g(6). Suppose -2*z = -4*a + 10306, 4*a + 3*z = l*a + 5157. Suppose 5*h - 1358 - a = 0. Is h composite?
False
Suppose 6187167 + 8058687 = 74*w + 1325528. Is w a prime number?
True
Let o be (108/(-20) - -7)*10. Is o/(-48) - 26410/(-3) a prime number?
True
Suppose -4295 = -3*d - 1241. Suppose 5*c = 5*h + 7695, 5*h + d - 7165 = -4*c. Is (-5 - -6)/(3078/c - 2) composite?
False
Suppose 42*x - 1093395 = 11183247. Is x a composite number?
False
Suppose -3*f - 2*f = 4*h - 1132, 5*f = -2*h + 1136. Suppose -4*n + 676 = -f. Is n a prime number?
False
Let a(c) = 1771*c**3 + 13*c - 53. Is a(4) prime?
False
Suppose -2*m + 877 = -5*f, 3*f = -m - 2*m - 543. Let w = f - -310. Let t = 1040 - w. Is t composite?
False
Let j(q) be the first derivative of 26*q**3/3 + 7*q**2/2 + 7*q - 208. Is j(4) prime?
False
Let m(i) = -i**2 - 13*i + 5. Let n be m(-13). Suppose -n*h = 2*k - 21292, k + 42612 = 5*k - 4*h. Is k a composite number?
False
Let p be -13 - (-2 - -1) - -1. Let m(r) = r**3 - 298*r**2 - 281*r**2 - 7 + 591*r**2 + 7*r. Is m(p) composite?
False
Let z(c) = 7*c + 1086. Let y be z(-12). Let l = 1107 + -548. Let a = y - l. Is a prime?
True
Let n = -8157 + 17956. Suppose 0 = 5*s - 3*l - n, 0 = -4*s + 2*s + l + 3920. Is s a composite number?
True
Suppose -7517 + 28629 = 14*j. Let v be (2 + 2 + -1)*49. Let f = j - v. Is f a prime number?
True
Suppose -b - 6*m = -8*m - 106567, -319731 = -3*b - 4*m. Is b a prime number?
False
Let i be (-18)/(-4)*16/12. Let j(x) be the first derivative of 2*x**4 + 11*x**3/3 + 5*x**2/2 + x + 1. Is j(i) composite?
True
Is (-2)/(4/(-5) + 21858270/27323275) composite?
True
Let m = -12860 + 125703. Is m prime?
True
Suppose 0 = -w - 0 + 2. Suppose -2*m + 3204 = m. Suppose -m = w*p - 8*p. Is p prime?
False
Let v(g) = -189*g**3 - 61*g**2 - 473*g + 5. Is v(-8) a prime number?
False
Let w = 0 + -32. Let t = 91 - w. Suppose j - 1354 = t. Is j prime?
False
Suppose -20*v = -3131302 - 2410118. Is v prime?
False
Let h be (4 - 144/30) + 3/(-15). Is (1/h)/((-3)/1017) a prime number?
False
Let k(a) = -309*a**2 - 12*a - 11. Let v be k(-1). Is ((-269368)/v)/((-4)/(-14)) a composite number?
False
Suppose -366806 = -2*v + 6*z, -5*v + 64*z = 60*z - 917081. Is v prime?
False
Is -1 + ((-18)/(-15))/((-4180068)/2090040 + 2) a composite number?
True
Let z = -306 - -230. Let i = z - -6395. Is i a composite number?
True
Let t(j) = 5*j - 22. Let r be t(5). Suppose -r*l + 7*l = 16. Suppose -5*g - 3*m = -720 - 2440, l*m = -3*g + 1885. Is g a composite number?
True
Suppose 2760613 = -4*g + 12*g + 9*g. Is g prime?
True
Suppose 26535190 = 80*c - 619450. Is c prime?
True
Suppose -3*q + 15 = -3. Let v(z) = -z**3 + 13*z**2 - 22*z + 25. Let t be v(